+ 67, -3*j = -2*j - p - n. List the prime factors of j.
13
List the prime factors of (-4 + 1 - -40) + -1.
2, 3
Let i(t) = t + 1. Let y(s) = -3*s - 1. Let r(z) = i(z) + y(z). Let q = 2 - 3. List the prime factors of r(q).
2
What are the prime factors of (-8)/44 + 360/44 + -2?
2, 3
Suppose 0 = 3*u - q + 22, 3*u = -5*q + 1 + 1. Let d = 32 + u. What are the prime factors of d?
2, 13
Let u(w) = -14*w - 24*w + w - 2. What are the prime factors of u(-1)?
5, 7
Let r(x) = -x**3 - 6*x**2 + 7*x + 5. Let v be (4/12)/(2/(-42)). List the prime factors of r(v).
5
Suppose -w + 72 = 26. What are the prime factors of w?
2, 23
Let a = 30 - -5. What are the prime factors of 52/5 - 14/a?
2, 5
Suppose 7*z - 246 = 2*z + 4*k, -4*k = z - 30. What are the prime factors of z?
2, 23
Let w(k) = 15*k**3 + 2*k**2 - k - 4. List the prime factors of w(2).
2, 61
Suppose -5*h + 2*h = 0. Suppose 0 = -h*l + 3*l. What are the prime factors of 10 - l/((-3)/(-1))?
2, 5
Let a(v) = 2*v**3 - 4*v**2 + 10*v - 13. List the prime factors of a(5).
11, 17
Let v(n) = n**2 - 6*n - 6. Let t be v(7). Let p be 5 + -6 - -14*t. Let w = 29 - p. List the prime factors of w.
2
Suppose b = 2 + 6. What are the prime factors of (4/b)/((-1)/(-26))?
13
Suppose 5 + 7 = 2*w. Let p(f) = 3*f**2 - 13*f - 6. What are the prime factors of p(w)?
2, 3
Let w(f) = -f**3 - 10*f**2 - f + 8. What are the prime factors of w(-11)?
2, 5, 7
Let w be (-1 - -46)*(-9)/(-15). Suppose 3*z = 4*x + 29, -x + w + 7 = 2*z. Suppose 4*k + 44 = 3*n, 5*k + z + 7 = n. What are the prime factors of n?
2, 3
Suppose 4*w - 5 - 7 = 0. Suppose m + l = -w*l + 32, -66 = -3*m - 2*l. Suppose 4*q = 2*k - m, -q + 8 = 5*k + 2. What are the prime factors of k?
2
Let p be 4 + (2 + -2)/2. Let w be p/(-12) - (-16)/3. Suppose -2*k - 4*l - 35 = -w*k, 4*l + 40 = 4*k. What are the prime factors of k?
5
Suppose 3*u = 2*x + 20, 5*u = 3*x - 0*u + 28. Let y = -9 - x. What are the prime factors of y?
7
Let s(y) = -2*y - 1. Let l be s(-3). Suppose -3*m + 13 = -14. Suppose 2*k - l*k = -m. List the prime factors of k.
3
Let v = -18 - 18. Let o(i) = -i - 10. Let w be o(-7). List the prime factors of (6/w)/4*v.
2, 3
Suppose -40 = -c + 4*g, 4*c + 2*g = 2*c + 80. What are the prime factors of c?
2, 5
Let q = 1 + 11. Suppose -3 = -z + q. What are the prime factors of z?
3, 5
Suppose d = -3*b - 12, -16 = 4*b - 0*b - 2*d. Let z be (-10)/b*(-6 - -4). Let m(o) = -o**3 - 5*o**2 - 2*o - 2. List the prime factors of m(z).
2
Suppose 0 = -0*s + 3*s - 5*m - 388, 0 = 2*s - 4*m - 262. What are the prime factors of s?
11
Let a = -118 - -197. What are the prime factors of a?
79
Suppose 0 = -8*t + 664 + 1216. What are the prime factors of t?
5, 47
Let g(a) = a**3 - 6*a**2 + 6*a - 1. Let x be g(5). Let c(z) = 4 - 5 - 6*z**3 + 2*z**2 - x*z**2 - 2*z. List the prime factors of c(-1).
5
Let l = 321 + -182. What are the prime factors of l?
139
Let l(g) = g**2 + 7*g - 11. Let d be l(-8). Let f = 6 + d. What are the prime factors of f?
3
Let r(m) = m**2 - 5*m - 1. Let z be r(4). Let c(l) = -6*l + 1. What are the prime factors of c(z)?
31
Let b = 99 + -7. What are the prime factors of b?
2, 23
Suppose 0*j - j + k - 5 = 0, 3*j = -2*k - 35. Let b(u) = -5*u - 22. What are the prime factors of b(j)?
23
Let l be 1 + 1 - (0 + 0). Let i be ((-3)/l)/(1/2). List the prime factors of 8/6 + (-2)/i.
2
Let k = 8 - 5. Suppose 0 = -f + 2 - k. Let i = 11 - f. List the prime factors of i.
2, 3
Let y = 181 - 62. What are the prime factors of y?
7, 17
Let c(p) = 21*p**2 + p - 3. What are the prime factors of c(-2)?
79
Let n = -147 - -213. What are the prime factors of n?
2, 3, 11
Let s(c) = -15*c - 3. What are the prime factors of s(-2)?
3
Suppose 3*h - 36 = -3*g, -h - 3*g - 68 = -6*h. What are the prime factors of h?
13
Let p(g) = 3*g**2 + 4*g + 5. Let o be p(-5). Suppose 4*i = 2*j - i - o, 0 = i. Suppose 2 + 2 = -2*d, -4*y + 3*d + j = 0. What are the prime factors of y?
2, 3
Let u(v) = -v**2 - 11*v - 12. Let n be u(-10). Let g(r) = 3*r**3 - r + 1. Let q be g(n). What are the prime factors of 1/((3/q)/(-1))?
7
What are the prime factors of (1 + 0)*48/3?
2
Suppose 0 = -a + 2*a + h - 5, 0 = a - 2*h + 4. Let y = a + 7. What are the prime factors of y?
3
Suppose -5*d = 4*w - 30, w = -0*w. Let a = d - 5. List the prime factors of (a/3 - 0)*27.
3
What are the prime factors of (-1 + 2)/((-2)/(-34))?
17
Let j be (10 - 3) + 4 + -3. Let f(n) = n**2 - 4*n - 5. List the prime factors of f(j).
3
Suppose 0 = 3*i + 5*c - 431 - 113, 5*i - 880 = 5*c. List the prime factors of i.
2, 89
Let q(a) = 14*a. Let x(r) = r**2 - 11*r + 12. Let t be x(10). What are the prime factors of q(t)?
2, 7
Let i(d) = d**2 + d - 2. Let h be i(-2). Suppose o = 8 - h. Let m = 13 - o. List the prime factors of m.
5
What are the prime factors of ((-64)/(-10))/(4/30)?
2, 3
Let z be (-3 + -3)/(3/2). What are the prime factors of (-10)/(-6)*(z + 7)?
5
Suppose -42 + 6 = -2*o. Let c = o - -13. What are the prime factors of c?
31
Let q(x) = x**2 - x - 12. List the prime factors of q(5).
2
Suppose 6*w - 12 = 5*w. What are the prime factors of w?
2, 3
What are the prime factors of (3 - (-84)/2)/1?
3, 5
Let k(q) = -q**3 - 16*q**2 - 4*q - 21. What are the prime factors of k(-16)?
43
Let s = -310 - -439. What are the prime factors of s?
3, 43
Suppose 2*s + s + 48 = 0. List the prime factors of 1 - (4 + -1 + s).
2, 7
Suppose -2*p - d - 90 = -2*d, 2*d - 48 = p. Let r = p + 21. Let u = 35 + r. What are the prime factors of u?
2, 3
Let g = 140 + -133. What are the prime factors of g?
7
Let s be (2 - 4)/(2/11). Let f = s - -7. Let d(b) = -b + 2. What are the prime factors of d(f)?
2, 3
Let g be (-3)/(-9)*(2 + -2). Suppose 150 = -g*a + 5*a. What are the prime factors of a?
2, 3, 5
Let c = 0 - -4. Suppose c*x = -1 + 17. List the prime factors of x.
2
Let w(r) be the second derivative of r**5/2 - r**4/12 + r**3/6 - 3*r. List the prime factors of w(1).
2, 5
Let h(p) = 1 - 3*p + p - 2*p. Let r(k) = -2*k. Let y be r(1). List the prime factors of h(y).
3
Let b be (2/(-4))/(9/(-810)). Let t = 72 - b. What are the prime factors of t?
3
Suppose 5*x - 25 = -0*x. Suppose -x*i + 63 - 13 = 0. List the prime factors of i/(-25)*-6*5.
2, 3
What are the prime factors of (52 - -2) + (-2)/1?
2, 13
List the prime factors of (-536)/(-44) + 4/(-22).
2, 3
Suppose -3*r - 5 - 2 = -h, -25 = -2*h - 5*r. Let m = 15 - h. What are the prime factors of m?
5
Let d be 4*(-3 + 2)*-13. Suppose d = -c + 5*c. List the prime factors of c.
13
Suppose -3*u + 5*m - 6 = 2*m, 0 = -5*m + 25. Let f(k) be the third derivative of k**4/4 - k**3/6 + 3*k**2. List the prime factors of f(u).
17
Suppose 9 + 0 = 3*t. Suppose 4*a - 3*c = 6, t = -3*c - 3. Suppose -3*q + 20 + 1 = a. List the prime factors of q.
7
Suppose -4*l = 3*c + 75, 0*l + 3*l + 53 = c. Let x be 4/l + (-2)/(-9). Suppose x = -7*q + 3*q + 8. List the prime factors of q.
2
Let s = -4 + 9. Suppose 58 = s*r + 13. What are the prime factors of r?
3
Let k be 1075/35 + (-2)/(-7). Let q = 64 - k. List the prime factors of q.
3, 11
Let q = 1 - -3. Suppose z = q + 1. What are the prime factors of z?
5
Suppose 6*l - 2*l + 2*t - 12 = 0, l = t + 3. Suppose -4*o = -l*w - w + 152, 85 = 2*w - 5*o. List the prime factors of w.
5, 7
Let y be 0/((-1)/(2 + -1)). Suppose b + k - 4*k = 51, -4*b - 4*k + 252 = y. What are the prime factors of (4/(-10))/((-3)/b)?
2
Suppose 4*h - 38 = 54. List the prime factors of h - (4 + 4)/(-2).
3
Suppose 5*w = 5*g - 395, -324 = -4*g + 2*w - 0*w. List the prime factors of g.
83
Suppose 0 = j - 74 + 47. What are the prime factors of j?
3
Suppose 7*j = 5*j + 4. What are the prime factors of j*(1 + (-10)/(-4))?
7
Let j(y) = y + 5. Let u be j(-8). List the prime factors of ((-5)/3)/(u/9).
5
Let i(o) = -o**3 - 3*o**2 + 7*o + 3. Let t be i(-5). Let c be (-40)/t + (-8)/(-36). Let u(n) = -2*n**3 - 4*n**2 - 4*n - 3. What are the prime factors of u(c)?
5
Let g(j) = 9*j**3 + j. Let s be g(-1). Let t(n) = 2*n**2 + 3*n - 3. Let r be t(-3). What are the prime factors of s*(3/r + -1)?
5
Let s = 176 + 265. What are the prime factors of s?
3, 7
Let r(q) = q**2 - 7*q - 12. Suppose 2*k - 41 = -4*y + k, 0 = 2*y + 4*k - 38. List the prime factors of r(y).
2, 3
Let n = 67 + -35. List the prime factors of 7/2*n/56.
2
Let a(q) = q**2 - 10*q - 13. Let x be a(11). Lis